 highest common factor of 55 and s.
11
Let m(s) = 2*s - 2. Let f be m(7). Suppose 10*g + 529 + 3681 = 0. Let r = g - -451. What is the highest common factor of r and f?
6
Suppose 2*t - 5*t = 7*t - 60. Suppose 1282 - 322 = 5*y. What is the greatest common factor of y and t?
6
Let w be 2756/12 + (-8)/(-6). Let f = -213 + w. What is the highest common factor of f and 54?
18
Let v(w) = -w**2 - 23*w + 36. Let s be v(-20). Let g be s/(-64)*(1 - 26/6). What is the highest common factor of 2 and g?
1
Let b = 15 + -7. Let j(h) = 1 + 10*h - 44*h**2 + 14*h**2 + 3 + 29*h**2. Let u be j(b). What is the greatest common factor of 4 and u?
4
Suppose -4*n - 303 + 976 = p, 5*n + 30 = 0. Calculate the greatest common divisor of p and 410.
41
Let u(s) = 63*s**3 + 2*s**2 - s. Let a be u(1). Let h = -1096 - -1098. Let b be (-6 + 5)*(1 - a - h). What is the highest common factor of 13 and b?
13
Let q be 9/(2 - 5) + -28. Let f = -28 - q. Suppose -c + 77 = f*d - 107, c + 4*d = 188. Calculate the highest common factor of 43 and c.
43
Let s(n) = -n**3 + 16*n**2 - 31*n + 204. Let k be s(14). Suppose 0 = 3*a - 5 - 13. What is the greatest common divisor of a and k?
6
Suppose -8 = 3*p - 32. Let v be p/((-9)/(-3) + -1). Suppose -d + v*d + 2*a - 47 = 0, -27 = -2*d + 3*a. What is the highest common factor of 105 and d?
15
Let y = 663 - 652. Let n(m) = 2*m**3 - 6*m**2 + m + 5. Let f be n(5). What is the greatest common factor of f and y?
11
Suppose 3*b + 2*y - 147 = 0, -5*b + 173 + 72 = 5*y. Suppose b*n = 51*n - 28. What is the highest common factor of n and 406?
14
Let h be 7/2 + (-3)/(-6). Let s be h - 36/(24/(-4)). What is the highest common factor of 110 and s?
10
Let y = 322 - 321. Suppose s = 10 - y. What is the greatest common factor of s and 207?
9
Let w(k) = k**3 + 6*k**2 + k + 1. Let t be w(-6). Let u = 29 - t. Let n = -23713 - -23815. What is the highest common factor of n and u?
34
Let l be 2/(-11) - (-300371)/209 - 144/(-18). What is the highest common divisor of 765 and l?
85
Let u(a) = 2*a**2 + 155*a - 941. Let j be u(6). What is the highest common factor of j and 5063?
61
Let g = -4 + 9. Suppose -3*c - g = -l - c, -l = c + 7. Let y be ((-965)/(-15) - 0) + 1/l. Calculate the greatest common divisor of y and 96.
32
Suppose 6*b - 16*b = 2400. Let n be (-21)/(-2)*b/(-180). What is the highest common divisor of n and 224?
14
Let v = -20 + 23. Let g be 11 - (-4 + -6) - 9. Calculate the greatest common factor of g and v.
3
Suppose 0 = 29*u + 2783 - 18859 - 28033. What is the highest common factor of u and 1352?
169
Let s(a) = -188*a - 6738. Let x be s(-38). Calculate the greatest common divisor of 42 and x.
14
Let r = 426 + -181. Let i(p) = -p**2 + 8*p + 58. Let j = 734 - 725. Let x be i(j). What is the greatest common factor of x and r?
49
Let x = 3 + 4. Let j = 17 - x. Let d be (-377)/(-9) - (-2420)/2178 - -7. What is the greatest common divisor of d and j?
10
Let z be ((-14440)/(-15))/8 + (-12)/(-18). Calculate the highest common divisor of z and 209.
11
Suppose -3*h = -2*t + 6, 0*t - 5 = -5*t + 5*h. Let l be t/6 - (-21)/(-14). Let i be l/2*(-27 - 3). What is the highest common factor of i and 30?
30
Suppose -100 + 78 = 11*h. Let n be h + 39 + -21 + 14. What is the highest common divisor of 120 and n?
30
Let i = -10 - -27. Suppose -x - 14 = -i. Let s be (2/((-2)/x))/(9/(-1269)). What is the greatest common divisor of s and 47?
47
Let m(q) = 4*q - 3. Let o be m(-2). Let g(h) = h**2 + 6*h - 7. Let k be g(o). Suppose k = -t + 5*t. What is the greatest common divisor of t and 12?
12
Let a = -14375 + 14506. What is the greatest common factor of 917 and a?
131
Let q be ((-7885)/83)/(10/(-4)). What is the greatest common factor of q and 10697?
19
Suppose 5*f + 572 = -i, 2*f - 117 = i - 343. Let z be (3/(-2))/(3/f). Let n = 62 - z. Calculate the highest common factor of 5 and n.
5
Let o = -14 - -17. Suppose 2*n = -5*i + 285, -5*n - 124 = -o*i + 16. What is the greatest common factor of i and 5?
5
Suppose -4*z + 18 = -10. Suppose 0 = 47*h - 25*h - 5764. Suppose -v + 488 = 2*a, -a + h = z*v - 2*v. Calculate the highest common divisor of a and 22.
22
Suppose 1853 - 1850 = w, -3*w + 20069 = 5*r. What is the highest common factor of 204 and r?
68
Let a = 1784 - 1736. Calculate the greatest common divisor of a and 516.
12
Let a(x) = -x**2 + 13*x - 5. Let l be a(12). Suppose 0 = -4*n - 150 - 298. Let u = n + 113. What is the highest common factor of l and u?
1
Suppose 2*j - 712 = -5*h, -4*h + 0*j + 3*j = -588. Suppose 0 = -0*m - 8*m + 2336. Let f = m - 276. What is the greatest common divisor of f and h?
16
Let w = 68 + -60. Suppose 0 = w*c - 16*c. Suppose c*l - 4*l + 1584 = 0. Calculate the greatest common factor of 36 and l.
36
Let h = 46 - 111. Let t = h - -79. What is the highest common factor of t and 154?
14
Let b(d) = -d**2 + 2*d + 3. Let y be b(2). Suppose -5*w + 2*w + 106 = -2*k, -y*w + 110 = -4*k. What is the highest common divisor of w and 187?
17
Let l(j) = 12*j**3 - 11*j + 5. Let u be l(4). Suppose 37*t = 34*t + u. Suppose -4*r + t = 5*r. What is the greatest common factor of r and 36?
9
Let p = 210 - 129. Let c(r) = 26*r - 76. Let i be c(6). Suppose p*n - i*n = 12. What is the greatest common divisor of 12 and n?
12
Let i(v) = -194*v - 480. Let a be i(-3). What is the greatest common factor of 390 and a?
6
Let q = 44621 - 48. Calculate the highest common divisor of q and 53.
53
Let n(s) = 2*s**3 - 21*s**2 - 12*s + 14. Let k be n(11). Let q be ((-4)/k)/(8/(-96)). What is the greatest common factor of q and 248?
8
Let q be (-168)/(4/(-10) + 93/(-155)). Let d = q - 96. What is the greatest common divisor of 180 and d?
36
Let k(q) = 2*q + 2. Let r(c) = -176*c - 176. Let h(w) = 80*k(w) + r(w). Let a be h(-7). Calculate the highest common factor of a and 12.
12
Let u(j) = j**2 + 30*j + 62. Suppose -5*n = -3*c + 171, 5*n = 2*n - 2*c - 95. Let r be u(n). Calculate the greatest common divisor of 23 and r.
23
Suppose 18*c - 60359 = -3533. What is the highest common factor of c and 77?
77
Suppose 10 = 2*y + 4*j - 42, 210 = 5*y + 20*j. Suppose 2*i = 5*l - 96, 0 = -4*l - 5*i + 2*i + 63. What is the greatest common divisor of l and y?
2
Let v(g) = -118*g + 3192. Let c be v(18). Calculate the highest common divisor of 636 and c.
12
Let t = -4472 + 4522. Calculate the greatest common divisor of 95 and t.
5
Suppose 4*o = 2*y - 954, 2*y + 4*o = 2*o + 954. Let m = y - 327. Let k = 55 - -5. Calculate the highest common factor of k and m.
30
Let j be (-1 + 2 + -3)/(-2) - 3. Let d be (-20)/(j - -6) - 1*-2. Let t(s) = s**2 + s - 5. Let q be t(d). What is the greatest common divisor of 5 and q?
1
Suppose 4*o + 17 = 7*o - 4*m, -2*m + 5 = 3*o. Calculate the greatest common divisor of o and 39.
3
Suppose 9 = 4*j - 2*i - 5, 2*j - 5*i = 19. Suppose j*y - 15*y + 143 = 0. Calculate the greatest common divisor of 99 and y.
11
Let r(k) = 59*k**3 - 3*k**2 + 7*k - 3. Let s be r(1). What is the highest common factor of 195 and s?
15
Let f = 1277 + -1250. Calculate the highest common divisor of f and 2493.
9
Let t = -5 - -7. Suppose 36 = 3*i - 3*w, -3*w = t*i - 7 - 7. Suppose -85*h + 91*h = 420. Calculate the greatest common factor of i and h.
10
Suppose 4*i + 2*m = 2204, 4*i - 32*m = -28*m + 2216. What is the highest common divisor of i and 72?
24
Let m = -449 - -461. Let c be (-6058)/(-91) - (0 - m/(-21)). Calculate the highest common divisor of c and 297.
33
Let t be (-4)/(-10)*130*(-2)/(-4). Calculate the highest common factor of 6019 and t.
13
Suppose 4*c + 3*l - 65 + 6 = 0, -5*c + 5*l + 30 = 0. Suppose 307 - c = 8*h. Let o = 180 - h. What is the highest common divisor of o and 13?
13
Suppose 70*w = 10849 + 198591. Calculate the greatest common divisor of 176 and w.
176
Let n be 3/21 - 8/56. Suppose 2*o = -n*o + 2. Let m be (o/4*-1)/((-3)/12). Calculate the highest common factor of 3 and m.
1
Suppose 4 - 24 = 20*y. Let a be (7 + 10 - -7) + y + -5. Calculate the greatest common factor of a and 27.
9
Let l(f) = -3*f - 40. Let a be l(-56). Calculate the highest common divisor of a and 608.
32
Let k = 231 - -1. Suppose 18*p - 205 = -8*u + 15*p, u + 5*p + 16 = 0. What is the highest common factor of u and k?
29
Let a be (-1)/((-21)/(-84)*4/(-80)). Calculate the highest common factor of 9040 and a.